ue of (0 - -1) + -3 + 11 + -5?
4
2 - (-1 - -5) - -3
1
(14 - 5) + -4 - (13 - 7)
-1
Evaluate (-3 - -1) + (7 - (-3 - -9)).
-1
What is the value of (7 - 0) + -7 + 3?
3
Evaluate (-18 - (11 + -25)) + 1 + 2.
-1
Evaluate 1 + 7 - (4 - 1).
5
8 - 0 - (-16 - -19)
5
Calculate -8 - (-9 + -2) - (0 - -3).
0
(1 + (2 - 6) - 4) + 1
-6
Calculate 11 + -15 - (-1 + 2).
-5
What is the value of 4 - -1 - (-2 + 2)?
5
Evaluate -4 + -5 + 5 - -9.
5
Evaluate 3 + (14 - 6 - -6) + -8.
9
(2 - 4 - -4) + -3 + 0
-1
Calculate 5 - (12 + -8 + 6).
-5
Evaluate -1 - (9 - (-2 - -2) - 1).
-9
1 - (11 - (9 - 6))
-7
What is -7 + 5 + (5 - 5)?
-2
Calculate 0 + 1 + 4 + -10.
-5
What is -32 + 19 + 9 + (1 - -3)?
0
Evaluate -1 + 2 + 3 + -3.
1
Evaluate -6 + (-2 - -12) + -7 + 2.
-1
What is the value of 212 + -200 - (12 + -1)?
1
What is the value of (4 - (9 - (3 + -3))) + 8?
3
What is 1 + -5 - (3 - 2)?
-5
Calculate -23 - -14 - -8 - -2.
1
Evaluate 2 + (10 - 8 - -2).
6
2 + 0 + 1 + -5
-2
What is the value of -1 - (-2 - (-3 + 5)) - -1?
4
What is 4 + -9 - (2 + -5 + -1)?
-1
What is the value of (14 - 10 - -1) + (-6 - -2)?
1
-1 + (6 - 11 - -2)
-4
2 - -2 - (-1 - (1 - 1))
5
What is the value of 1 - 2 - (10 - 9) - -6?
4
Calculate -5 - (3 + -4 - 0).
-4
Calculate (2 - (1 - 4) - 1) + -3.
1
7 - (3 + (-7 - -13))
-2
What is the value of -16 - -4 - -14 - 5?
-3
What is the value of 13 + -4 + -1 + -5?
3
What is 5 + -1 + -5 - 0?
-1
9 + 2 + 5 + -14
2
Evaluate 3 + (13 - 18) - 5.
-7
What is the value of 2 + (-8 - 4) - -20?
10
What is the value of -1 - (2 - (2 + 0))?
-1
What is the value of 5 - (-2 + (0 + 4 - 1))?
4
What is the value of 9 - -1 - (-64 + 67)?
7
Calculate (0 - 10 - -7) + -3.
-6
2 + (-8 - (1 - 3))
-4
-5 - (-3 + 1 + 2 - 11)
6
What is the value of (1 - 1 - 1) + (-85 - -89)?
3
Calculate -4 - -2 - (-9 - -11).
-4
Calculate -1 + -8 - -14 - (11 + -2).
-4
Evaluate 12 - 12 - (1 + 1) - 3.
-5
1 - (2 + -3 - -3)
-1
-107 - -112 - (2 + 8 + 0)
-5
Calculate 0 - 4 - 1 - 2.
-7
What is the value of -11 + 14 + (-1 - (1 - 2))?
3
Evaluate 3 - (4 - (4 - 6 - -7)).
4
Evaluate (-9 - 1 - (-4 + 1)) + 4.
-3
Calculate (-1 - -5) + -3 - -2.
3
Evaluate (2 - -6) + -6 - 2.
0
What is (4 + -3 - 2) + (2 - 5)?
-4
Calculate -2 - (-4 - (-3 + (-3 - -1))).
-3
What is 0 + (-6 + 12 - -1 - 3)?
4
Calculate 2 + -6 + 7 + -4.
-1
What is (-27 - (-16 + 6)) + 9?
-8
What is the value of (5 - 4) + -14 + (-10 - -12)?
-11
Calculate (7 + 5 - 12) + -7.
-7
What is the value of -5 - (-1 - (3 + 3 - 3))?
-1
Evaluate (3 - ((1 - 0) + 6)) + -3.
-7
Evaluate 4 + 1 - 2 - 2.
1
What is (-10 - ((4 - 2) + -9)) + -6?
-9
What is 0 + (3 + -13 - -5)?
-5
-1 + (-6 - -3) + (4 - 2)
-2
Evaluate (2 - 0) + (3 - 2).
3
Evaluate 3 + (-1 - (0 - -4)).
-2
What is the value of (0 - 9) + 4 - (0 + -9)?
4
What is the value of -1 + -2 + 10 + (26 - 26)?
7
Calculate (2 - 0) + -3 + (-1 - -2).
0
Evaluate -3 - (4 + -11 + 3).
1
Evaluate -3 - (-5 + -1 + 0).
3
What is 6 + -3 + -9 + 8?
2
Evaluate 5 - -3 - 8 - 4.
-4
-2 + 0 + 7 + 3 + -5
3
What is the value of -5 + (1 - (-1 + -2)) + -1?
-2
What is 11 - 7 - 1 - 3?
0
What is 11 + -9 + (-2 - -5)?
5
Calculate 11 + -2 + -19 - -4.
-6
2 - (2 - (-9 - -6))
-3
Calculate (1 - 8) + (6 + 4 - 7).
-4
What is -4 - (-7 + 0) - (4 - 0)?
-1
What is 0 + (-2 + -2 - 0)?
-4
19 - 4 - (9 + 0)
6
Calculate (9 - (-1 - 0 - -5)) + -10.
-5
-9 - (-7 + -4 + 6)
-4
What is (1 - 4) + (9 - (-3 + 7))?
2
What is the value of -1 + (1 - (-4 + 3) - 4)?
-3
Calculate -2 + 5 - (8 + -9).
4
14 - 21 - (0 - 0)
-7
3 + -4 + (6 - 3) - -1
3
What is -2 - (-5 - (0 + 3 - 2))?
4
Calculate 18 - ((12 - 6) + 0) - 6.
6
What is -4 + -1 - (-2 - (-2 - -1))?
-4
What is (-4 - -1) + 1 + 2 - 5?
-5
Evaluate -4 + (3 - -6 - 7).
-2
What is the value of 8 + (-7 - 0) + (0 - -6)?
7
7 + (-5 + 1 - 3) + 3
3
Calculate -2 - 0 - (0 + (1 - 2)).
-1
(-5 - (0 - 0)) + 6
1
Evaluate -11 + 2 + 3 + 4.
-2
-2 - (-3 + 1 - 1) - 1
0
What is (-4 - (-4 - 1)) + 2?
3
What is 4 + -10 - -21 - 15?
0
7 - (-2 - (-2 + 2 + -5))
4
Calculate -6 - -12 - (-24 + 23).
7
Evaluate -1 + -3 + 1 - 3 - -1.
-5
Calculate -12 + 8 - (3 + (-1 - 2)).
-4
What is the value of 11 - 9 - (0 + -2)?
4
Calculate (3 - (4 - 5)) + -12.
-8
Evaluate -3 + 3 + 1 - (4 + 0).
-3
-8 + 3 + 9 - 6
-2
Evaluate 12 - 1 - ((16 - 37) + 23).
9
0 - 15 - (107 + -117)
-5
What is the value of -3 - (-4 + 8 + -2)?
-5
What is the value of 3 + (2 - 5) + (2 - 5)?
-3
Evaluate (0 - (2 - 0)) + 2 - 5.
-5
(-4 - 0 - (18 - 19)) + 2
-1
What is 1 - 1 - -4 - 9?
-5
What is the value of 13 - 7 - (6 - 5)?
5
What is the value of -2 + (2 - (1 - 2)) + 2?
3
Evaluate -1 - -3 - (-6 + (4 - -1)).
3
-3 + 21 + -25 + (4 - 1)
-4
Evaluate -15 + 28 + -14 + 0 + -1.
-2
Calculate -3 - (-10 - -2) - (0 - -3).
2
Calculate 3 - 0 - (-4 + 12 - 6).
1
3 + (3 - ((4 - 1) + 1))
2
Evaluate 4 + (-1 - 0) - (-1 + 2).
2
What is the value of -1 - (2 + -9 + 3)?
3
What is -1 - 3 - 0 - (0 - 2)?
-2
Evaluate 8 - 6 - (-1 + 3).
0
What is -19 - (2 - 10 - 1)?
-10
Calculate -3 - (-2 - 5 - 1).
5
Evaluate (-6 - -1) + 2 - (-25 + 27).
-5
What is (17 - 7) + -12 - -5?
3
Evaluate 3 - (-10 + 3 - -9).
1
Evaluate 6 + -4 + -2 - 2.
-2
What is (6 - 4 - -15) + -12?
5
Evaluate 7 + -1 + (16 - 19).
3
-6 + 2 + 7 + 1
4
What is -5 + 2 + -4 + -5 + 8?
-4
Calculate 0 + (-1 - 0) + 3.
2
What is the value of 1 + (1 + 0 - -2) + -3?
1
What is (11 - 1 - 14) + -4?
-8
1 + 3 + (2 - (10 - 0))
-4
Calculate 27 + -31 + (4 - (1 - 0)).
-1
Evaluate 5 - (-3 - (2 + -8)).
2
Calculate (0 - -3) + (4 - 15) + 6.
-2
Evaluate (-10 - -4) + 4 + 1 + -2.
-3
Evaluate 2 + (-2 - -1) - (-5 + 9).
-3
(47 - 38) + (-10 - (-1 + -1))
1
What is the value of -8 + (1 - -3) + 2?
-2
Evaluate 2 - (-2 - (-10 - (-6 - -1))).
-1
What is -5 + -13 - (1 - 11)?
-8
Evaluate 9 - (-14 - -17) - (5 + 2).
-1
What is the value of -6 - 3 - (-11 - -3 - -4)?
-5
Evaluate 4 + 3 - (6 + 1).
0
What is the value of 3 - (6 + 8 - -1 - 9)?
-3
What is the value of -7 + (9 - 3) + 2?
1
What is the value of (2 - (-1 + 0)) + (-7 - -1)?
-3
Evaluate 9 + (1 - 11) + (6 - 0).
5
Evaluate -1 - -2 - (2 + 4 + -3).
-2
What is 2 - (1 + 2 + (-9 - -7))?
1
What is 0 - -1 - (13 + -7)?
-5
What is 7 - (4 + -5 - -3 - -4)?
1
(0 - (5 + -1)) + 10 + -10
-4
Evaluate 0 - ((-3 - 6) + 4).
5
8 - ((0 - -16) + -11)
3
Calculate -8 + -10 + 32 + -9.
5
What is -8 - -16 - (1 + 9)?
-2
Calculate 7 - (1 + 6) - (12 - 4).
-8
Evaluate -3 - 2 - -2 - (2 - 4).
-1
What is 2 - -2 - (3 + -2 + 2)?
1
(-2 + -1 - -2) + 32 + -39
-8
What is the value of -16 + 12 + -4 + 4?
-4
What is the value of 11 - 4 - 11 - (-1 + -1)?
-2
What is -34 + 38 + -3 + 1?
2
Calculate 43 - 43 - (0 + -3).
3
What is the value of (5 - 0) + (35 - 45)?
-5
What is 8 - (6 + (-1 - -9))?
-6
What is the value of (5 - (8 + -8)) + 0?
5
What is -6 + 2 + (4 - (3 + -3))?
0
What is 8 - (9 - -8) - -1?
-8
Calculate 26 + -14 + -11 + -3 + -1.
-3
What is -26 - -22 - (4 + -1)?
-7
Calculate (2 - 2) + (-3 + 3 - -3).
3
Calculate 0 - (0 - 0) - (14 - 14).
0
30 + -30 + (-4 - (0 + -1))
-3
Evaluate -1 + (0 - (-1 + 2 - 0)).
-2
What is the value of 9 - (9 + 6) - -7?
1
What is the value of (-6 - -6 - -4) + -2?
2
Calculate (4 - (1 - 5)) + -2.
6
What is the value of -4 - (-1 - -4) - -15?
8
-9 + 9 - (-1 - -1)
0
What is 6 + (3 - 6) + 2?
5
Calculate (3 - 5 - -9) + (1 - -1).
9
Calculate 4 - (-4 + 8 - 5).
5
Evaluate 7 - (10 - (-5 - -3)).
-5
What is the value of -3 - 0 - (16 - 21)?
2
Calculate -3 - -2 - -3 - (-2 - -5).
-1
5 + 2 + 1 + 1 + -11
-2
What is the value of 2 - (9 + -9 - -11)?
-9
What is the value of -4 + 0 + 7 - -1?
4
What is the value of (-2 - ((-3 - -2) + -2)) + -5?
-4
What is (-5 + -5 - -1) + 1?
-8
What is the value of 0 - (4 - (-5 - -3 - -3))?
-3
Evaluate 6 - (1 - -2 - -9).
-6
Evaluate 0 + 2 + -2 + (26 - 22).
4
Evaluate 5 - 21 - (-21 + 15).
-10
What is the value of -2 - -6 - (2 + (1 - 3))?
4
Evaluate (7 - (10 - (4 - 2))) + -2.
-3
-4 + (20 - 4) + -10 + 4
6
Calculate (19 - 9) + -6 + -10.
-6
Evaluate 1 - -2 - (10 - (20 + -11)).
2
What is the value of -1 + 9 - (-15 - -34 - 6)?
-5
What is (4 - (-4 - -3)) + -9 + 3?
-1
Calculate (-3 - (2 - 0) - -3) + -6.
-8
What is the value of (-13 - -5) + 3 + 0?
-5
-10 + 10 + (0 - 3)
-3
What is 34 + -30 - ((-3 - -2) + 9)?
-4
Evaluate 2 - (11 - 3) - -7.
1
What is (0 - (3 - (2 - -7))) + -2?
4
-8 + (-2 - (-3 + -4))
-3
Evaluate 2 + 1 + 4 + -9 - -3.
1
Calculate 17 - (-12 + (11 - -11)).
7
What is -24 + 23 - (-1 + -4 + 1)?
3
Evaluate -8 + 1 + (9 - 1) + -7.